k be v(20). Let w = -3 - -3. Suppose w*p - 177 = -5*d + 2*p, -2*p = k. List the prime factors of d.
5, 7
Suppose -4*u = v - 552, 1100 = -v + 3*v + 4*u. What are the prime factors of v?
2, 137
Suppose t + 4*w + 12 = -2*t, -2*w = 2*t + 8. Let r be (t/4)/((-3)/(-9)). List the prime factors of 10*((-4 - r) + 2).
2, 5
Let y be (-2 + 3)*-1 + 4. Suppose -y*h + 105 = -5*z, z = -3*z - 5*h - 121. List the prime factors of (7/(-2))/(4/z).
3, 7
Suppose 0 = 4*n + 28 - 80. Let t = 2 + n. Suppose -3*y + 5*x = 4*x - t, -3*y - 4*x + 30 = 0. What are the prime factors of y?
2, 3
Let g be (-32)/8 + 379 + 0. Suppose v - 219 = -3*w - 14, -5*w = -5*v - g. List the prime factors of w.
2, 5, 7
Let c(q) = -1394*q - 235. What are the prime factors of c(-3)?
3947
Let w = 2710 - 2552. What are the prime factors of w?
2, 79
Let c(g) = g**2 + g. Let s be 1 - (3 + -1 + -3). Let d be c(s). Suppose -f - u - d = -2*f, 3*f - 5*u = 14. What are the prime factors of f?
2
Let a(x) be the third derivative of 17*x**4/12 - 2*x**3 - x**2 + 40*x. List the prime factors of a(3).
2, 3, 5
Suppose -6*f = -7*f + 11. Suppose 5*p = 3*u - 27, u - 2 = 3*p + f. List the prime factors of (4 + -7 + u)*32.
2
Let f be -1 + 2 - (-1)/1. Let c be 2 + (f - (-4 + 5)). Suppose -j = -c*h + 170, h = -j - 0*j + 62. List the prime factors of h.
2, 29
Let h = 36 - 30. Suppose 4*y - h*y - 13 = -k, 5*y = -3*k + 50. List the prime factors of k.
3, 5
List the prime factors of (3/(-2))/((-4)/(77840/30)).
7, 139
Let m = -2 + 20. Suppose 5*q + q - m = 0. Let d = q + 42. What are the prime factors of d?
3, 5
Suppose 0 = -3*z + 2696 - 359. List the prime factors of z.
19, 41
Let l be 4 - (2*-1)/((-14)/7). Suppose 3*d = l*i - 126, 5*i - 4*d - 195 = -2*d. What are the prime factors of i?
37
Let n = 4 + 83. What are the prime factors of n?
3, 29
Let d(b) = 56*b**2 + 8*b - 20. Let t be d(4). Suppose 0 = -5*o + 72 + t. List the prime factors of o.
2, 7
Let y be (6/(-9))/((-4)/246). Suppose 3*g + 2 = -2*w - 0*g, 5*w - 4*g - y = 0. Let i = 45 - w. List the prime factors of i.
2, 5
Suppose -8 = -u + 2*u. List the prime factors of (-2)/u - 6328/(-32).
2, 3, 11
What are the prime factors of 136890/273 + 4/7?
2, 251
Suppose -5*m + 1 = 11. Let t = m + 8. What are the prime factors of (-126)/(-4) - t/(-12)?
2
Let a = 1466 - 716. List the prime factors of a.
2, 3, 5
Let l(m) = -45*m**3 + m**2 + m. Let o be l(-1). Let j = o + 70. List the prime factors of j.
5, 23
Let y(w) = -4*w. Let q(j) = -7*j - 1. Suppose -5*s + 2*p = -3 - 24, p = 4*s - 21. Let n(l) = s*y(l) - 3*q(l). What are the prime factors of n(0)?
3
Let l(g) = 35*g - 1. Let p(c) = -c**2 + 8*c + 2. Let a be p(8). List the prime factors of l(a).
3, 23
What are the prime factors of (-86)/((-6)/(-75)*-5)?
5, 43
Let v(o) be the first derivative of o**2/2 + 2*o + 15. What are the prime factors of v(3)?
5
Let v(j) = 0 - 3 - 10*j**2 + 0*j - 4 + j**3 - 14*j. List the prime factors of v(12).
113
Suppose 3*z - 5*q + 1 = 0, z + q - 8 = -z. Suppose 2*a - 15 = -c + a, z*c + 4*a - 46 = 0. Let x = c - 10. What are the prime factors of x?
2
List the prime factors of (-9 - -2)*(462/(-3) + 6).
2, 7, 37
Let m be ((-2)/(-2) - 0)*-1. Let f = 5 + m. Suppose -4*q = -o + 15, o = -f*o - 2*q + 141. What are the prime factors of o?
3
Suppose -5*w = -w - 16. Suppose 5*z + 4*g = 213, w*z - 5*g - 14 = 181. List the prime factors of z.
3, 5
Let i = 10 + -7. Suppose 4*b + 16 = -4*n, b + 1 = -2*n - i. What are the prime factors of 9 - (-3 + (n - -6))?
2, 3
Suppose -h + 4*p + 353 = 0, 6*h - 8*h + 2*p + 676 = 0. List the prime factors of h.
3, 37
Let p = 838 - 519. List the prime factors of p.
11, 29
Let c = -2363 - -6774. List the prime factors of c.
11, 401
Let p = -867 - -3043. List the prime factors of p.
2, 17
Suppose 5 = b - 0. Suppose 415 = -0*q + 2*q - f, 0 = 5*q - b*f - 1025. List the prime factors of q.
2, 3, 5, 7
Let d(m) = -m**3 - 2*m**2 + 2*m + 1. Let o be 10/(3/9*6). Suppose 0 = -o*n + 4 + 16, -f = -2*n + 11. What are the prime factors of d(f)?
2
Suppose x + 33 = 327. Suppose -l + 98 = f, 3*l - x = -f + 5*f. List the prime factors of l.
2, 7
Let k(t) = 13*t**2 - 8*t + 47. What are the prime factors of k(5)?
2, 83
Suppose 12*r + 515 = 17*r. What are the prime factors of r?
103
Suppose 2*i = -15 + 201. Suppose 3*x + 21 = 5*p - 118, -3*p + i = -5*x. List the prime factors of p.
2, 13
Let n = -321 + 459. What are the prime factors of n?
2, 3, 23
Suppose 4*y = u - 12, 0*y = 5*u - 2*y - 24. Let n(m) = m - 4. Let p be n(u). Suppose -x - x + 44 = p. What are the prime factors of x?
2, 11
Let r be (-46)/(-14) + 2/(-7). Suppose -4*p + r*p + 10 = 0. Suppose z - p = 2. What are the prime factors of z?
2, 3
Suppose 2*i - 13 = -b, -7 = -2*i - 0*b + b. Suppose 4*g - i*z + 13 + 7 = 0, -3*g - 10 = -5*z. List the prime factors of (-2)/(-5)*-1*g.
2
Let k = -16 + 20. Suppose k*q - 384 - 16 = 0. List the prime factors of q.
2, 5
Let t be (-4)/(-8) - 2/(-4). Let u be 18/10 + t/5. Suppose 6*l = u*l + 72. What are the prime factors of l?
2, 3
Let z(k) be the third derivative of -k**6/120 - k**5/5 - 5*k**4/6 - k**3 - 7*k**2. List the prime factors of z(-11).
3, 31
Let y(o) = 4*o**3 - 15*o**2 + 37*o - 13. What are the prime factors of y(7)?
883
Let c(i) be the second derivative of i**4/12 + 5*i**3/6 - 13*i**2/2 + 33*i. List the prime factors of c(9).
113
Suppose 0*j - 8 = -2*j. Suppose 127 = m + 2*m - j*g, m - 25 = -3*g. Let d = m + -15. List the prime factors of d.
2, 11
Suppose -5*g + 5154 = 4*o, -5*g + 3*g + 3*o = -2057. List the prime factors of g.
2, 5, 103
Let f = 36 + -33. List the prime factors of 2 - (3 - f - 1)*126.
2
Suppose 0 = 124*y - 130*y + 3270. List the prime factors of y.
5, 109
Suppose -5*z = 25, 5*k = 2*z - 5*z + 35. Suppose -2*c + 31 + 7 = 0. Let j = k + c. What are the prime factors of j?
29
Suppose -22*k - 18080 = -30*k. List the prime factors of k.
2, 5, 113
Suppose -2*t + 3*v - 20 = 66, -2*t - 5*v - 102 = 0. Let s = t + 67. Suppose 0 = -d + 13 + s. What are the prime factors of d?
2, 17
Let k be 154*(4 + (-18)/4). Let g = k - -120. What are the prime factors of g?
43
Let u = -7 + 3. Let v(p) = p**2 - 7*p - 1. What are the prime factors of v(u)?
43
Let u be (-4)/(1/(-2) + 1). Let a = u - -261. What are the prime factors of a?
11, 23
Suppose -g = -46 + 41. Let j(a) = a + 9. Let c(h) = -1. Let d(i) = 21*c(i) + 3*j(i). List the prime factors of d(g).
3, 7
Let p = -133 - -250. List the prime factors of 4/(-26) - (-3411)/p.
29
Let u(k) = 2*k. Let s(r) = 13*r - 3. Let g(p) = -2*s(p) + 14*u(p). Let j be g(-2). Suppose -24 = -d - q, j*q + 3*q = 5*d - 120. What are the prime factors of d?
2, 3
Let g(v) = v**2 - 4*v + 1. Suppose -7*k + 3*k + 8 = 0. Suppose 3*q - 25 = -k*q. What are the prime factors of g(q)?
2, 3
Let i be (-5 - -2) + 3 - -4. List the prime factors of ((-2)/4)/(i/(-1104)).
2, 3, 23
Let c(s) = 11*s**2 - 2*s - 2. Let a(g) be the second derivative of g**4/12 - 5*g**3/6 - 4*g**2 - g. Let i be a(6). List the prime factors of c(i).
2, 23
Let u be (9 - (-24)/(-16))/(3/2). Let k be 4*-1*(-101)/4. Suppose -5*j + 3*f + 154 = -0*j, -u*f = 4*j - k. What are the prime factors of j?
29
Suppose -16*k + 49 = -47. Let x = -11 + 29. Suppose 7*d - k*d - x = 0. What are the prime factors of d?
2, 3
Let j be 2/6 - (-1)/(-3). Suppose -a = 4*a + 5*r - 10, 5*r + 5 = j. Suppose 77 - 5 = a*b. What are the prime factors of b?
2, 3
What are the prime factors of ((-3246)/4)/(4/(-8))?
3, 541
Let w be -1*3 + 13 + -8. Suppose -2*r = -t - 218, 0 = w*t - 2 - 2. List the prime factors of r.
2, 5, 11
Let b = -85 + 222. Let t = b + -68. Let z = t - 23. List the prime factors of z.
2, 23
Suppose 0 = 65*n - 57*n - 592. List the prime factors of n.
2, 37
Let w(x) = -x - 4. Let y be w(-4). Suppose 2*m + 57 + 157 = 4*t, y = -4*t + 5*m + 211. List the prime factors of t.
2, 3
Let b(y) be the first derivative of -y**4/4 + 7*y**3/3 + 13*y**2/2 - 10*y + 7. Suppose 0 = -6*m + 2*m + 32. List the prime factors of b(m).
2, 3, 5
Suppose 8 = -5*q + 2*j, -5 = 5*q + 3*j - 17. Let g be 1*20*(1 + q). Let c = g - -3. What are the prime factors of c?
23
Let f be (1212/8)/(12/(-16)). Let v = f + 90. What are the prime factors of ((-99)/(-44))/((-6)/v)?
2, 3, 7
Suppose 9*w = -12*w + 11886. What are the prime factors of w?
2, 283
Let s = 1 - 0. S